 greatest common factor of 28 and y.
28
Suppose -350 = -v - 2*d, 3*v + 13 - 1103 = 2*d. Calculate the highest common factor of 810 and v.
90
Suppose 32*d - 2431 = 513. What is the highest common divisor of 23 and d?
23
Suppose -j + 12 = 2*i, 0 = 5*i - 2*j - 2*j - 30. What is the greatest common divisor of i and 24?
6
Suppose 5*t + 7 = 17. Suppose 2*k = -5*m - 3*k + 155, m + t*k = 31. Suppose -5*u = 2*r - 82, r + m - 96 = -4*u. What is the highest common divisor of u and 80?
16
Suppose -4*u - 30*p + 12 = -26*p, -34 = -3*u + 2*p. Let l(d) = d**2 - 6. Let h be l(6). Let g = 42 - h. What is the highest common divisor of u and g?
4
Let w be 20 + (1 - -2 - 3). Let y be w*(11/2 - 3). Let f = 50 - 30. Calculate the greatest common factor of f and y.
10
Let c = -49 - -49. Suppose 2*b + c = 76. Calculate the greatest common divisor of 95 and b.
19
Suppose -46*b - 31 + 169 = 0. Calculate the greatest common divisor of 4 and b.
1
Let p(x) be the second derivative of x**5/20 + 2*x**4/3 - x**3/6 + x**2 - 6*x. Let t be p(-8). Let k = t + -2. What is the highest common factor of k and 2?
2
Let o be 3 + 3 + -4 + 17. Calculate the highest common divisor of o and 57.
19
Let y = -102 - -156. Suppose -3 - 47 = -5*o - 4*l, 0 = 4*o + 3*l - 39. What is the highest common factor of y and o?
6
Let m = 131 + -23. Suppose 36 = 4*w - 28. Let g = w + 11. What is the greatest common factor of m and g?
27
Suppose 3*i + w = 4*w + 162, -4*i + 219 = -3*w. What is the highest common divisor of 76 and i?
19
Suppose 0 = 16*i - 43 - 53. Calculate the highest common divisor of 6 and i.
6
Suppose -144 = -2*h - 54. Let t be (-12)/(3 - h/12). What is the greatest common divisor of 4 and t?
4
Let s = -29 + 68. Let u = 49 - s. What is the highest common factor of 90 and u?
10
Suppose -12*k - 143 + 923 = 0. What is the greatest common factor of 10 and k?
5
Suppose -9*c + 11*c - 28 = 0. Let b = c - 0. Let d be (-572)/6*(-21)/b. What is the greatest common factor of d and 13?
13
Let f be (-98)/(-16) - 61/488. Suppose s + 4*n = 2*s - 46, -2*s = 3*n - 147. Calculate the highest common factor of s and f.
6
Let t(r) = -7*r - 20. Let n be t(-10). Suppose -44 = -4*b + v, b - n = -2*b + 5*v. Suppose -4*x + 33 = -7. Calculate the greatest common factor of b and x.
10
Suppose 0 = -5*o + 8 + 17. Let f(t) = -10*t**2 + 7*t**2 + 2*t**2 - 12 - 13*t. Let l be f(-11). What is the highest common divisor of o and l?
5
Let d be -3 + (-3 + (1 - 0) - -45). What is the greatest common divisor of d and 40?
40
Suppose 4*q - x = 299, 3*q - 4*q - 4*x + 96 = 0. What is the highest common factor of q and 38?
38
Suppose 3*r = 5 + 4. Let g = 2 + r. Suppose -3*o + g*u + 5 = -7, 18 = 3*o - 3*u. Calculate the highest common factor of o and 81.
9
Suppose 6*t + 11 = 125. Suppose t*v = 7*v + 252. Calculate the highest common divisor of 63 and v.
21
Let b(i) = 8*i**3 + i**2. Let n be b(1). Suppose -4*p - 12 + 4 = 0. Let a be p*(99/2)/(-1). Calculate the highest common divisor of n and a.
9
Let b be (-76 + 0)*(14 + -16). Let r be (-2)/(-15) - 2547/(-135). What is the highest common factor of b and r?
19
Let p(x) = -2*x**2 + 37*x. Suppose 378 = -v + 22*v. Let q be p(v). What is the greatest common factor of q and 18?
18
Let q = 89 - 79. Suppose -7*z + q*z = 57. Calculate the highest common divisor of 57 and z.
19
Let t be 237/(-158)*((-304)/6 - 0). What is the highest common divisor of t and 28?
4
Let h be 575/30 + (-2)/(24/2). Suppose 2*i + h = 43. Let m be 2/(-6) - (-327)/9. Calculate the greatest common factor of i and m.
12
Let k be ((-5)/4 + 1)*(2 - 6). Let l be -1 - -65*k*4/5. Calculate the highest common divisor of l and 3.
3
Suppose 3*n = -2*t + 71, 123 = 5*t + 4*n - 65. Calculate the greatest common factor of 60 and t.
20
Suppose 282 = 13*g - 5750. Suppose g + 4 = 4*q. Calculate the highest common factor of 39 and q.
39
Let c(o) = o**2 + 5*o + 3. Suppose 5*r + 3*p = 51, 4*r - 5*r + 4*p = -1. Suppose -1 = 2*t + r. Let f be c(t). Calculate the highest common factor of f and 15.
3
Let t be ((-160)/(-12))/(22/231). Calculate the highest common factor of t and 315.
35
Let u = -124 + 189. Let z(b) = b**2 - 4*b. Let c be z(5). Suppose 25 = c*k - u. Calculate the highest common divisor of k and 45.
9
Suppose 0 = -2*n - 2*n + 20. Suppose 0 = -n*b + 4*j + 133, 87 = 4*b + j - 32. What is the greatest common divisor of b and 261?
29
Let g(w) = -3*w + 5*w - 7 - 9. Let a = 24 - 13. Let o be g(a). What is the highest common factor of 66 and o?
6
Let f(x) = x**2 + 3*x + 3. Let w be f(-6). Suppose -57*g - 126 = -63*g. What is the highest common factor of g and w?
21
Let q = 653 + -379. Suppose i + 4*r - 151 = 0, -r = 6*i - 4*i - q. Suppose -o + 5*s = 2 - 12, 43 = 3*o - 2*s. Calculate the greatest common factor of i and o.
15
Suppose 2371 + 1451 = 7*s. Calculate the greatest common divisor of s and 390.
78
Let m be 2*(-21)/(-12)*48. Let j be ((-2)/(-4))/(7/m). What is the highest common divisor of 12 and j?
12
Suppose 40*f = 17*f + 5888. Calculate the highest common divisor of f and 16.
16
Let o(p) be the first derivative of p**2/2 + p - 2. Let f be o(5). Let g be (12/(-18))/(3/(-9)). Calculate the highest common divisor of g and f.
2
Suppose 2*a - 16 = 32. Let y be (-4)/10 - 604/(-10). Suppose -x + 0*x + y = 0. What is the highest common factor of x and a?
12
Let c(b) = -66*b - 3. Let a be c(2). Let q = -79 - a. Suppose -w = -q + 14. Calculate the highest common divisor of 14 and w.
14
Suppose -3*w - 3*f = -8*w + 201, 0 = 5*f - 15. Suppose -2*u = -30 - w. Calculate the highest common divisor of u and 9.
9
Suppose 341*g - 272*g = 234048. Calculate the greatest common factor of 53 and g.
53
Let o(t) = -10*t**3 + t**2 - 3*t - 3. Let i be o(-2). Let u = -57 + i. Let a be 6*3/9*(-3)/(-1). What is the greatest common factor of u and a?
6
Let x(n) = -4*n - 16. Let z(d) = -d**3 + 7*d**2 + 7*d - 2. Let w be z(8). Let k be x(w). What is the highest common factor of 192 and k?
24
Let k(c) = -2*c**2 + 97*c - 182. Let n be k(45). Calculate the greatest common factor of n and 38.
19
Suppose 9*h = 11*h - 24. Let a be (162/(-8))/(-1)*(-256)/(-48). Calculate the highest common factor of h and a.
12
Let k be 35 - -183 - 1/((-2)/(-12)). What is the highest common factor of 106 and k?
106
Let n = -27 - -29. Let r = n - -4. Let g be (132 - r/3)/1. Calculate the greatest common factor of 26 and g.
26
Let p(f) = -7*f - 29. Let l be -3 + (-2)/(-2)*(-1 + -3). Let i be p(l). Calculate the greatest common divisor of 8 and i.
4
Suppose -3*i - 3*p + 8*p + 60 = 0, -2*i - 3*p = -21. Calculate the highest common factor of i and 15.
15
Let a be (352/(-24) + 6)/((-2)/21). Calculate the greatest common divisor of 52 and a.
13
Let r = 573 - 923. Let x = 570 + r. What is the greatest common divisor of 11 and x?
11
Suppose 0 = 4*l - 8 - 4. Suppose -l*a + 5*k = -721, -5*k + 247 = -4*a + 5*a. Calculate the highest common divisor of 22 and a.
22
Suppose 3*b = 14*b - 2035. Calculate the highest common divisor of 74 and b.
37
Suppose 158*v + 61 = 159*v. What is the greatest common divisor of v and 1037?
61
Suppose 9*n = 8*n. Suppose n = -4*a + 10 + 86. Calculate the highest common factor of 8 and a.
8
Let v(q) = -3*q**2 + 38*q + 6. Let z be v(12). What is the greatest common factor of 390 and z?
30
Let q be (58/(-6))/((9 + -3)/(-18)). Suppose -3*t + 164 = q. What is the highest common factor of 18 and t?
9
Let b be ((-4)/(-26))/1 - 3192/(-546). Suppose 0 = 4*z + 4*r - 44, -2*z - 1 + 24 = 3*r. What is the highest common factor of b and z?
2
Let a = 12 - 10. Suppose -5*t - 42 = -o - a*o, -2*o + 27 = -3*t. Suppose 2 + 142 = 4*q. Calculate the highest common factor of q and o.
9
Let o(x) = -x**2 + 13*x + 3. Let j be o(13). Let t(a) = 9*a**2 + 3*a - 3. Let n be t(j). What is the highest common divisor of n and 29?
29
Suppose 3 - 6 = -3*o. Let h be -30*9/(-6)*(o - 0). What is the greatest common divisor of h and 18?
9
Suppose 32*c = 9*c + 621. Calculate the greatest common divisor of 297 and c.
27
Suppose -12*u + 9 = -39. Suppose j - 18 = -j + u*q, -4*j + 26 = 2*q. Let b = 37 - 2. Calculate the greatest common divisor of b and j.
7
Let f = -50 + 65. Let a = 81 + f. What is the highest common divisor of a and 12?
12
Let l = 20 + -37. Let j be ((-39)/(-5))/(l/(-255)). Calculate the